te the remainder when 3948 is divided by 1938.
72
What is the remainder when 57981 is divided by 44?
33
Calculate the remainder when 427836 is divided by 31.
5
What is the remainder when 37306 is divided by 37212?
94
What is the remainder when 1682 is divided by 495?
197
What is the remainder when 1386 is divided by 29?
23
Calculate the remainder when 62636 is divided by 5691.
35
Calculate the remainder when 13008 is divided by 4330.
18
What is the remainder when 1179 is divided by 641?
538
Calculate the remainder when 30793 is divided by 106.
53
Calculate the remainder when 7650 is divided by 7638.
12
Calculate the remainder when 1595268 is divided by 1408.
4
Calculate the remainder when 23649 is divided by 64.
33
Calculate the remainder when 556152 is divided by 2927.
22
Calculate the remainder when 41937 is divided by 79.
67
Calculate the remainder when 7813 is divided by 521.
519
What is the remainder when 61520 is divided by 67?
14
What is the remainder when 16503 is divided by 501?
471
What is the remainder when 3498 is divided by 64?
42
Calculate the remainder when 97687 is divided by 87.
73
What is the remainder when 18179 is divided by 60?
59
Calculate the remainder when 674 is divided by 21.
2
Calculate the remainder when 7043 is divided by 125.
43
What is the remainder when 4633 is divided by 14?
13
What is the remainder when 2101 is divided by 83?
26
What is the remainder when 712104 is divided by 5236?
8
Calculate the remainder when 11982 is divided by 749.
747
What is the remainder when 1845 is divided by 96?
21
Calculate the remainder when 2269 is divided by 754.
7
What is the remainder when 36424 is divided by 28?
24
What is the remainder when 3395571 is divided by 13?
10
Calculate the remainder when 181 is divided by 140.
41
What is the remainder when 649 is divided by 586?
63
What is the remainder when 1522797 is divided by 83?
79
What is the remainder when 10537 is divided by 24?
1
What is the remainder when 5689 is divided by 211?
203
Calculate the remainder when 235100 is divided by 117543.
14
Calculate the remainder when 11424 is divided by 5696.
32
What is the remainder when 90997 is divided by 31?
12
Calculate the remainder when 324082 is divided by 17055.
37
What is the remainder when 39075 is divided by 173?
150
What is the remainder when 9072 is divided by 64?
48
Calculate the remainder when 1320 is divided by 113.
77
What is the remainder when 6118 is divided by 130?
8
Calculate the remainder when 1920 is divided by 247.
191
What is the remainder when 24763 is divided by 36?
31
What is the remainder when 4248 is divided by 567?
279
Calculate the remainder when 60179 is divided by 48.
35
What is the remainder when 10750 is divided by 22?
14
Calculate the remainder when 5571 is divided by 875.
321
What is the remainder when 160814 is divided by 935?
929
What is the remainder when 2184 is divided by 98?
28
What is the remainder when 6182 is divided by 8?
6
Calculate the remainder when 159700 is divided by 585.
580
Calculate the remainder when 20020 is divided by 9940.
140
Calculate the remainder when 128968 is divided by 385.
378
Calculate the remainder when 851236 is divided by 837.
7
What is the remainder when 32254 is divided by 6448?
14
Calculate the remainder when 1964 is divided by 1947.
17
What is the remainder when 44579 is divided by 185?
179
What is the remainder when 476 is divided by 325?
151
What is the remainder when 112563 is divided by 477?
468
Calculate the remainder when 11545 is divided by 1280.
25
What is the remainder when 21738 is divided by 5431?
14
Calculate the remainder when 3891 is divided by 118.
115
Calculate the remainder when 6513 is divided by 3180.
153
What is the remainder when 235556 is divided by 5353?
24
Calculate the remainder when 10161 is divided by 939.
771
What is the remainder when 14645 is divided by 14635?
10
Calculate the remainder when 2237 is divided by 815.
607
Calculate the remainder when 20031 is divided by 67.
65
What is the remainder when 175948 is divided by 74?
50
What is the remainder when 249 is divided by 156?
93
Calculate the remainder when 36361 is divided by 7270.
11
What is the remainder when 203659 is divided by 17?
16
What is the remainder when 1584881 is divided by 1005?
1001
What is the remainder when 12933 is divided by 168?
165
What is the remainder when 1874 is divided by 1724?
150
Calculate the remainder when 960 is divided by 13.
11
What is the remainder when 2943239 is divided by 1267?
1265
What is the remainder when 1067 is divided by 29?
23
What is the remainder when 37735 is divided by 2?
1
Calculate the remainder when 2151 is divided by 430.
1
Calculate the remainder when 117319 is divided by 720.
679
Calculate the remainder when 590 is divided by 65.
5
Calculate the remainder when 616128 is divided by 9.
6
Calculate the remainder when 3068 is divided by 989.
101
What is the remainder when 262617 is divided by 3242?
15
What is the remainder when 11811 is divided by 89?
63
Calculate the remainder when 7138025 is divided by 18.
17
Calculate the remainder when 117121 is divided by 227.
216
What is the remainder when 891168 is divided by 1193?
1190
What is the remainder when 95076 is divided by 31?
30
Calculate the remainder when 4546 is divided by 1275.
721
What is the remainder when 12177 is divided by 6073?
31
What is the remainder when 20284 is divided by 631?
92
Calculate the remainder when 381115 is divided by 29.
26
Calculate the remainder when 1564 is divided by 395.
379
What is the remainder when 14626 is divided by 248?
242
Calculate the remainder when 6240 is divided by 250.
240
Calculate the remainder when 66050 is divided by 49.
47
What is the remainder when 3226 is divided by 16?
10
What is the remainder when 2068 is divided by 997?
74
What is the remainder when 670819 is divided by 252?
247
Calculate the remainder when 6233 is divided by 1257.
1205
What is the remainder when 10968 is divided by 1814?
84
Calculate the remainder when 59357 is divided by 57.
20
Calculate the remainder when 1282 is divided by 1196.
86
What is the remainder when 4699 is divided by 4637?
62
What is the remainder when 19171 is divided by 3799?
176
Calculate the remainder when 2815 is divided by 47.
42
What is the remainder when 15235 is divided by 19?
16
What is the remainder when 60587 is divided by 18?
17
What is the remainder when 42772 is divided by 56?
44
What is the remainder when 305133 is divided by 156?
153
What is the remainder when 17596 is divided by 88?
84
What is the remainder when 1910 is divided by 47?
30
Calculate the remainder when 40252 is divided by 356.
24
Calculate the remainder when 93006 is divided by 16.
14
Calculate the remainder when 22107 is divided by 122.
25
Calculate the remainder when 2330 is divided by 1105.
120
Calculate the remainder when 1127 is divided by 610.
517
What is the remainder when 6722 is divided by 518?
506
Calculate the remainder when 15883 is divided by 15750.
133
What is the remainder when 4439 is divided by 22?
17
What is the remainder when 24207 is divided by 90?
87
Calculate the remainder when 1229 is divided by 90.
59
Calculate the remainder when 74985 is divided by 2272.
9
Calculate the remainder when 10144 is divided by 1411.
267
What is the remainder when 130767 is divided by 18675?
42
Calculate the remainder when 33908 is divided by 2608.
4
Calculate the remainder when 136577 is divided by 47.
42
Calculate the remainder when 1956 is divided by 1098.
858
Calculate the remainder when 76118 is divided by 22.
20
Calculate the remainder when 31508 is divided by 1124.
36
What is the remainder when 3275 is divided by 4?
3
What is the remainder when 6385 is divided by 1591?
21
What is the remainder when 242 is divided by 42?
32
What is the remainder when 8154 is divided by 3856?
442
Calculate the remainder when 10404 is divided by 105.
9
What is the remainder when 10301 is divided by 858?
5
What is the remainder when 130408 is divided by 63?
61
What is the remainder when 8758707 is divided by 67?
65
What is the remainder when 325433 is divided by 362?
357
Calculate the remainder when 94176 is divided by 436.
0
Calculate the remainder when 1969 is divided by 73.
71
What is the remainder when 6080 is div